{"id":52,"date":"2021-05-23T09:51:07","date_gmt":"2021-05-23T12:51:07","guid":{"rendered":"http:\/\/farmaciasaovicente.com.br\/?page_id=52"},"modified":"2021-06-08T08:45:50","modified_gmt":"2021-06-08T11:45:50","slug":"nossas-lojas","status":"publish","type":"page","link":"https:\/\/farmaciasaovicente.com.br\/site\/nossas-lojas\/","title":{"rendered":"Nossas lojas"},"content":{"rendered":"\n<div style=\"height:59px\" aria-hidden=\"true\" class=\"wp-block-spacer\"><\/div>\n\n\n\n<div class=\"wp-block-columns is-layout-flex wp-container-core-columns-is-layout-9d6595d7 wp-block-columns-is-layout-flex\">\n<div class=\"wp-block-column contact-addr-box is-layout-flow wp-block-column-is-layout-flow\">\n<h4 class=\"wp-block-heading\">MATRIZ<\/h4>\n\n\n\n<div class=\"addr-txt\">\n<i class=\"fab fa-whatsapp\"><\/i> (19) 99843-9811<br>\n<i class=\"fas fa-phone-alt\"><\/i> (19) 3573-7900<br>\n<i class=\"fas fa-map-marker-alt\"><\/i> Av. Jos\u00e9 Moreira de Queiroz, 824.<br>\nB. Santa Maria\n<\/div>\n\n\n\n<div class=\"btn-wrap\"><a href=\"#theModal\" data-remote=\"\/site\/matriz\" data-toggle=\"modal\" data-target=\"#theModal\">Mais informa\u00e7\u00f5es<\/a><\/div>\n<\/div>\n\n\n\n<div class=\"wp-block-column contact-addr-box is-layout-flow wp-block-column-is-layout-flow\">\n<h4 class=\"wp-block-heading\">LOJA 3<\/h4>\n\n\n\n<div class=\"addr-txt\">\n<i class=\"fab fa-whatsapp\"><\/i> (19) 99843-9811<br>\n<i class=\"fas fa-phone-alt\"><\/i> (19) 3571-6331<br>\n<i class=\"fas fa-map-marker-alt\"><\/i> R. Rafael de Barros, 154<br>\nCentro\n<\/div>\n\n\n\n<div class=\"btn-wrap\"><a href=\"#theModal\" data-remote=\"\/site\/loja-3\" data-toggle=\"modal\" data-target=\"#theModal\">Mais informa\u00e7\u00f5es<\/a><\/div>\n<\/div>\n\n\n\n<div class=\"wp-block-column contact-addr-box is-layout-flow wp-block-column-is-layout-flow\">\n<h4 class=\"wp-block-heading\">LOJA 4<\/h4>\n\n\n\n<div class=\"addr-txt\">\n<i class=\"fab fa-whatsapp\"><\/i> (19) 99668-5811<br>\n<i class=\"fas fa-phone-alt\"><\/i>(19) 3571-2712<br>\n<i class=\"fas fa-map-marker-alt\"><\/i> Av. 29 de Agosto, 616<br>\nCentro\n<\/div>\n\n\n\n<div class=\"btn-wrap\"><a href=\"#theModal\" data-remote=\"\/site\/loja-4\" data-toggle=\"modal\" data-target=\"#theModal\">Mais informa\u00e7\u00f5es<\/a><\/div>\n\n\n\n<p><\/p>\n<\/div>\n<\/div>\n\n\n\n<div class=\"wp-block-columns is-layout-flex wp-container-core-columns-is-layout-9d6595d7 wp-block-columns-is-layout-flex\">\n<div class=\"wp-block-column contact-addr-box is-layout-flow wp-block-column-is-layout-flow\">\n<h4 class=\"wp-block-heading\">LOJA 5<\/h4>\n\n\n\n<div class=\"addr-txt\">\n<i class=\"fab fa-whatsapp\"><\/i> (19) 99671-8478<br>\n<i class=\"fas fa-phone-alt\"><\/i> (19) 3571-6622<br>\n<i class=\"fas fa-map-marker-alt\"><\/i> Rua Tom\u00e9 de Souza, 523<br>\nB. Santa Maria\n<\/div>\n\n\n\n<div class=\"btn-wrap\"><a href=\"#theModal\" data-remote=\"\/site\/loja-5\" data-toggle=\"modal\" data-target=\"#theModal\">Mais informa\u00e7\u00f5es<\/a><\/div>\n<\/div>\n\n\n\n<div class=\"wp-block-column contact-addr-box is-layout-flow wp-block-column-is-layout-flow\">\n<h4 class=\"wp-block-heading\">LOJA 6<\/h4>\n\n\n\n<div class=\"addr-txt\">\n<i class=\"fab fa-whatsapp\"><\/i> (19) 99764-6281<br>\n<i class=\"fas fa-phone-alt\"><\/i> (19) 3554-3018<br>\n<i class=\"fas fa-map-marker-alt\"><\/i> Av. Berta Buhrnheim, 70<br>\nCidade Jardim\n<\/div>\n\n\n\n<div class=\"btn-wrap\"><a href=\"#theModal\" data-remote=\"\/site\/loja-6\" data-toggle=\"modal\" data-target=\"#theModal\">Mais informa\u00e7\u00f5es<\/a><\/div>\n<\/div>\n\n\n\n<div class=\"wp-block-column contact-addr-box is-layout-flow wp-block-column-is-layout-flow\">\n<h4 class=\"wp-block-heading\">LOJA 7<\/h4>\n\n\n\n<div class=\"addr-txt\">\n<i class=\"fab fa-whatsapp\"><\/i> (19) 99990-6532<br>\n<i class=\"fas fa-phone-alt\"><\/i> (19) 3571-4926<br>\n<i class=\"fas fa-map-marker-alt\"><\/i> Av. 7 de setembro, 1363<br>\nB. Santana\n<\/div>\n\n\n\n<div class=\"btn-wrap\"><a href=\"#theModal\" data-remote=\"\/site\/loja-7\" data-toggle=\"modal\" data-target=\"#theModal\">Mais informa\u00e7\u00f5es<\/a><\/div>\n<\/div>\n<\/div>\n\n\n\n<div style=\"height:58px\" aria-hidden=\"true\" class=\"wp-block-spacer\"><\/div>\n\n\n\n<div class=\"modal fade\" id=\"theModal\" tabindex=\"-1\" role=\"dialog\">\n<div class=\"modal-dialog\" role=\"document\">\n<div class=\"modal-content\">\n<button type=\"button\" class=\"btn\" data-dismiss=\"modal\" aria-label=\"Close\">\n<p aria-hidden=\"true\">\u00d7 Fechar<\/p><\/button>\n<div class=\"modal-body\"><\/div>\n<\/div><\/div><\/div>\n","protected":false},"excerpt":{"rendered":"<p>MATRIZ (19) 99843-9811 (19) 3573-7900 Av. Jos\u00e9 Moreira de Queiroz, 824. B. Santa Maria Mais informa\u00e7\u00f5es LOJA 3 (19) 99843-9811 (19) 3571-6331 R. Rafael de Barros, 154 Centro Mais informa\u00e7\u00f5es LOJA 4 (19) 99668-5811 (19) 3571-2712 Av. 29 de Agosto, 616 Centro Mais informa\u00e7\u00f5es LOJA 5 (19) 99671-8478 (19) 3571-6622 Rua Tom\u00e9 de Souza, 523 [&hellip;]<\/p>\n","protected":false},"author":1,"featured_media":0,"parent":0,"menu_order":0,"comment_status":"closed","ping_status":"closed","template":"model-no-contact.php","meta":{"footnotes":""},"class_list":["post-52","page","type-page","status-publish","hentry"],"_links":{"self":[{"href":"https:\/\/farmaciasaovicente.com.br\/site\/wp-json\/wp\/v2\/pages\/52","targetHints":{"allow":["GET"]}}],"collection":[{"href":"https:\/\/farmaciasaovicente.com.br\/site\/wp-json\/wp\/v2\/pages"}],"about":[{"href":"https:\/\/farmaciasaovicente.com.br\/site\/wp-json\/wp\/v2\/types\/page"}],"author":[{"embeddable":true,"href":"https:\/\/farmaciasaovicente.com.br\/site\/wp-json\/wp\/v2\/users\/1"}],"replies":[{"embeddable":true,"href":"https:\/\/farmaciasaovicente.com.br\/site\/wp-json\/wp\/v2\/comments?post=52"}],"version-history":[{"count":3,"href":"https:\/\/farmaciasaovicente.com.br\/site\/wp-json\/wp\/v2\/pages\/52\/revisions"}],"predecessor-version":[{"id":269,"href":"https:\/\/farmaciasaovicente.com.br\/site\/wp-json\/wp\/v2\/pages\/52\/revisions\/269"}],"wp:attachment":[{"href":"https:\/\/farmaciasaovicente.com.br\/site\/wp-json\/wp\/v2\/media?parent=52"}],"curies":[{"name":"wp","href":"https:\/\/api.w.org\/{rel}","templated":true}]}}